{"id":4330,"date":"2019-05-27T21:47:13","date_gmt":"2019-05-27T19:47:13","guid":{"rendered":"http:\/\/godotengine.eu\/?page_id=4330"},"modified":"2020-11-13T13:20:18","modified_gmt":"2020-11-13T12:20:18","slug":"air-combat","status":"publish","type":"page","link":"https:\/\/godotengine.eu\/?page_id=4330","title":{"rendered":"Air Combat"},"content":{"rendered":"\n<p class=\"has-text-align-center has-background\" style=\"background-color:#b4c4d9\"> W tym samouczku tworzymy krok po kroku prost\u0105 gr\u0119 2D. <\/p>\n\n\n\n<hr class=\"wp-block-separator\"\/>\n\n\n\n<ol><li><a href=\"https:\/\/godotengine.eu\/?p=4285\">Pocz\u0105tek pracy z Godot<\/a><\/li><li><a href=\"https:\/\/godotengine.eu\/?p=4361\">Ustawienia i tworzenie projektu<\/a><\/li><li><a href=\"https:\/\/godotengine.eu\/?p=4393\">Tworzenie ekranu tytu\u0142owego<\/a><\/li><li><a href=\"https:\/\/godotengine.eu\/?p=4419\">Muzyka w tle<\/a><\/li><li><a href=\"https:\/\/godotengine.eu\/?p=4534\">Dane globalne w Auto\u0142adowaniu<\/a><\/li><li><a href=\"https:\/\/godotengine.eu\/?p=4600\" data-type=\"URL\" data-id=\"https:\/\/godotengine.eu\/?p=4600\">Tworzenie prostego UI<\/a><\/li><li>Wkr\u00f3tce ci\u0105g dalszy&#8230;<\/li><\/ol>\n\n\n\n<p><\/p>\n","protected":false},"excerpt":{"rendered":"<p>W tym samouczku tworzymy krok po kroku prost\u0105 gr\u0119 2D. Pocz\u0105tek pracy z Godot Ustawienia i tworzenie projektu Tworzenie ekranu tytu\u0142owego Muzyka w tle Dane globalne w Auto\u0142adowaniu Tworzenie prostego UI Wkr\u00f3tce ci\u0105g dalszy&#8230;<\/p>\n","protected":false},"author":1,"featured_media":4291,"parent":0,"menu_order":0,"comment_status":"closed","ping_status":"closed","template":"templates\/template-cover.php","meta":[],"_links":{"self":[{"href":"https:\/\/godotengine.eu\/index.php?rest_route=\/wp\/v2\/pages\/4330"}],"collection":[{"href":"https:\/\/godotengine.eu\/index.php?rest_route=\/wp\/v2\/pages"}],"about":[{"href":"https:\/\/godotengine.eu\/index.php?rest_route=\/wp\/v2\/types\/page"}],"author":[{"embeddable":true,"href":"https:\/\/godotengine.eu\/index.php?rest_route=\/wp\/v2\/users\/1"}],"replies":[{"embeddable":true,"href":"https:\/\/godotengine.eu\/index.php?rest_route=%2Fwp%2Fv2%2Fcomments&post=4330"}],"version-history":[{"count":17,"href":"https:\/\/godotengine.eu\/index.php?rest_route=\/wp\/v2\/pages\/4330\/revisions"}],"predecessor-version":[{"id":4626,"href":"https:\/\/godotengine.eu\/index.php?rest_route=\/wp\/v2\/pages\/4330\/revisions\/4626"}],"wp:featuredmedia":[{"embeddable":true,"href":"https:\/\/godotengine.eu\/index.php?rest_route=\/wp\/v2\/media\/4291"}],"wp:attachment":[{"href":"https:\/\/godotengine.eu\/index.php?rest_route=%2Fwp%2Fv2%2Fmedia&parent=4330"}],"curies":[{"name":"wp","href":"https:\/\/api.w.org\/{rel}","templated":true}]}}